{"id":647,"date":"2023-02-28T04:01:51","date_gmt":"2023-02-28T04:01:51","guid":{"rendered":"https:\/\/juanfelipecordobaart.com\/?page_id=647"},"modified":"2026-01-27T04:32:53","modified_gmt":"2026-01-27T04:32:53","slug":"statement","status":"publish","type":"page","link":"https:\/\/juanfelipecordobaart.com\/index.php\/statement\/","title":{"rendered":"Statement"},"content":{"rendered":"\t\t<div data-elementor-type=\"wp-page\" data-elementor-id=\"647\" class=\"elementor elementor-647\">\n\t\t\t\t\t\t<section class=\"elementor-section elementor-top-section elementor-element elementor-element-b789613 elementor-section-boxed elementor-section-height-default elementor-section-height-default\" data-id=\"b789613\" data-element_type=\"section\" data-e-type=\"section\">\n\t\t\t\t\t\t<div class=\"elementor-container elementor-column-gap-default\">\n\t\t\t\t\t<div class=\"elementor-column elementor-col-100 elementor-top-column elementor-element elementor-element-21ef518\" data-id=\"21ef518\" data-element_type=\"column\" data-e-type=\"column\">\n\t\t\t<div class=\"elementor-widget-wrap elementor-element-populated\">\n\t\t\t\t\t\t<div class=\"elementor-element elementor-element-09ca2b3 elementor-widget elementor-widget-spacer\" data-id=\"09ca2b3\" data-element_type=\"widget\" data-e-type=\"widget\" data-widget_type=\"spacer.default\">\n\t\t\t\t<div class=\"elementor-widget-container\">\n\t\t\t\t\t\t\t<div class=\"elementor-spacer\">\n\t\t\t<div class=\"elementor-spacer-inner\"><\/div>\n\t\t<\/div>\n\t\t\t\t\t\t<\/div>\n\t\t\t\t<\/div>\n\t\t\t\t\t<\/div>\n\t\t<\/div>\n\t\t\t\t\t<\/div>\n\t\t<\/section>\n\t\t\t\t<section class=\"elementor-section elementor-top-section elementor-element elementor-element-8d6f9f1 elementor-section-boxed elementor-section-height-default elementor-section-height-default\" data-id=\"8d6f9f1\" data-element_type=\"section\" data-e-type=\"section\">\n\t\t\t\t\t\t<div class=\"elementor-container elementor-column-gap-default\">\n\t\t\t\t\t<div class=\"elementor-column elementor-col-100 elementor-top-column elementor-element elementor-element-b3dfdc7\" data-id=\"b3dfdc7\" data-element_type=\"column\" data-e-type=\"column\">\n\t\t\t<div class=\"elementor-widget-wrap elementor-element-populated\">\n\t\t\t\t\t\t<div class=\"elementor-element elementor-element-dafb687 elementor-widget__width-initial elementor-widget elementor-widget-text-editor\" data-id=\"dafb687\" data-element_type=\"widget\" data-e-type=\"widget\" data-widget_type=\"text-editor.default\">\n\t\t\t\t<div class=\"elementor-widget-container\">\n\t\t\t\t\t\t\t\t\t<p><em><span style=\"font-size: 1rem; font-family: arial, helvetica, sans-serif;\">\u201cTengo un marcado inter\u00e9s por la inquietante extra\u00f1eza de nuestra identidad y por lo tanto, la necesidad de traducir nuestra contemporaneidad en mi pr\u00e1ctica art\u00edstica.&#8221;<\/span><\/em><\/p><p><em><span style=\"font-size: 1rem; font-family: arial, helvetica, sans-serif;\">\u00a0<\/span><\/em><\/p><p><span style=\"font-family: arial, helvetica, sans-serif;\">Mi pr\u00e1ctica art\u00edstica nace de la extra\u00f1eza que se oculta en lo cotidiano, aquel gesto familiar que puede volverse inquietante cuando se observa como s\u00edntoma de un presente atravesado por estructuras sociales, pol\u00edticas, econ\u00f3micas y culturales. Trabajo con el dibujo, la pintura, el grabado y diversas estrategias conceptuales para construir im\u00e1genes que tensionan lo humano con lo simb\u00f3lico, lo natural y lo artificial, como si se tratara de un retrato fragmentado de nuestra \u00e9poca.<\/span><\/p><p>\u00a0<\/p><p><span style=\"font-family: arial, helvetica, sans-serif;\">La s\u00e1tira, el humor negro y la iron\u00eda funcionan como dispositivo que revela nuestro presente: cuerpos y paisajes que se deforman bajo la presi\u00f3n de la identidad, el lenguaje y el patrimonio. Mi obra funciona como un retrato prism\u00e1tico, refracta la contemporaneidad mostrando sus m\u00faltiples caras y contradicciones. Lo que solemos llamar \u201cdomesticado\u201d, \u201csalvaje\u201d, \u201cvalioso\u201d o \u201cresiduo\u201d aparece como un sistema de signos que hacen visible la construcci\u00f3n de una identidad colectiva.<\/span><\/p>\t\t\t\t\t\t\t\t<\/div>\n\t\t\t\t<\/div>\n\t\t\t\t\t<\/div>\n\t\t<\/div>\n\t\t\t\t\t<\/div>\n\t\t<\/section>\n\t\t\t\t<\/div>\n\t\t","protected":false},"excerpt":{"rendered":"<p>\u201cTengo un marcado inter\u00e9s por la inquietante extra\u00f1eza de nuestra identidad y por lo tanto, la necesidad de traducir nuestra contemporaneidad en mi pr\u00e1ctica art\u00edstica.&#8221; \u00a0 Mi pr\u00e1ctica art\u00edstica nace de la extra\u00f1eza que se oculta en lo cotidiano, aquel gesto familiar que puede volverse inquietante cuando se observa como s\u00edntoma de un presente atravesado [&hellip;]<\/p>\n","protected":false},"author":1,"featured_media":0,"parent":0,"menu_order":0,"comment_status":"closed","ping_status":"closed","template":"","meta":{"footnotes":""},"class_list":["post-647","page","type-page","status-publish","hentry"],"_links":{"self":[{"href":"https:\/\/juanfelipecordobaart.com\/index.php\/wp-json\/wp\/v2\/pages\/647","targetHints":{"allow":["GET"]}}],"collection":[{"href":"https:\/\/juanfelipecordobaart.com\/index.php\/wp-json\/wp\/v2\/pages"}],"about":[{"href":"https:\/\/juanfelipecordobaart.com\/index.php\/wp-json\/wp\/v2\/types\/page"}],"author":[{"embeddable":true,"href":"https:\/\/juanfelipecordobaart.com\/index.php\/wp-json\/wp\/v2\/users\/1"}],"replies":[{"embeddable":true,"href":"https:\/\/juanfelipecordobaart.com\/index.php\/wp-json\/wp\/v2\/comments?post=647"}],"version-history":[{"count":28,"href":"https:\/\/juanfelipecordobaart.com\/index.php\/wp-json\/wp\/v2\/pages\/647\/revisions"}],"predecessor-version":[{"id":1416,"href":"https:\/\/juanfelipecordobaart.com\/index.php\/wp-json\/wp\/v2\/pages\/647\/revisions\/1416"}],"wp:attachment":[{"href":"https:\/\/juanfelipecordobaart.com\/index.php\/wp-json\/wp\/v2\/media?parent=647"}],"curies":[{"name":"wp","href":"https:\/\/api.w.org\/{rel}","templated":true}]}}