{"id":440,"date":"2023-02-27T22:58:25","date_gmt":"2023-02-27T22:58:25","guid":{"rendered":"https:\/\/juanfelipecordobaart.com\/?page_id=440"},"modified":"2023-03-03T15:27:05","modified_gmt":"2023-03-03T15:27:05","slug":"lo-que-no-nos-pudimos-llevar_culumpio","status":"publish","type":"page","link":"https:\/\/juanfelipecordobaart.com\/index.php\/lo-que-no-nos-pudimos-llevar_culumpio\/","title":{"rendered":"Lo que no nos pudimos llevar_Culumpio"},"content":{"rendered":"\t\t<div data-elementor-type=\"wp-page\" data-elementor-id=\"440\" class=\"elementor elementor-440\">\n\t\t\t\t\t\t<section class=\"elementor-section elementor-top-section elementor-element elementor-element-fe6c5bc elementor-section-boxed elementor-section-height-default elementor-section-height-default\" data-id=\"fe6c5bc\" data-element_type=\"section\" data-e-type=\"section\">\n\t\t\t\t\t\t<div class=\"elementor-container elementor-column-gap-default\">\n\t\t\t\t\t<div class=\"elementor-column elementor-col-100 elementor-top-column elementor-element elementor-element-c9289dd\" data-id=\"c9289dd\" data-element_type=\"column\" data-e-type=\"column\">\n\t\t\t<div class=\"elementor-widget-wrap elementor-element-populated\">\n\t\t\t\t\t\t<div class=\"elementor-element elementor-element-7ef89e4 elementor-widget elementor-widget-spacer\" data-id=\"7ef89e4\" data-element_type=\"widget\" data-e-type=\"widget\" data-widget_type=\"spacer.default\">\n\t\t\t\t<div class=\"elementor-widget-container\">\n\t\t\t\t\t\t\t<div class=\"elementor-spacer\">\n\t\t\t<div class=\"elementor-spacer-inner\"><\/div>\n\t\t<\/div>\n\t\t\t\t\t\t<\/div>\n\t\t\t\t<\/div>\n\t\t\t\t\t<\/div>\n\t\t<\/div>\n\t\t\t\t\t<\/div>\n\t\t<\/section>\n\t\t\t\t<section class=\"elementor-section elementor-top-section elementor-element elementor-element-b20910b elementor-section-boxed elementor-section-height-default elementor-section-height-default\" data-id=\"b20910b\" data-element_type=\"section\" data-e-type=\"section\">\n\t\t\t\t\t\t<div class=\"elementor-container elementor-column-gap-default\">\n\t\t\t\t\t<div class=\"elementor-column elementor-col-50 elementor-top-column elementor-element elementor-element-8d49748\" data-id=\"8d49748\" data-element_type=\"column\" data-e-type=\"column\">\n\t\t\t<div class=\"elementor-widget-wrap elementor-element-populated\">\n\t\t\t\t\t\t<div class=\"elementor-element elementor-element-f170d5c elementor-widget elementor-widget-image\" data-id=\"f170d5c\" data-element_type=\"widget\" data-e-type=\"widget\" data-widget_type=\"image.default\">\n\t\t\t\t<div class=\"elementor-widget-container\">\n\t\t\t\t\t\t\t\t\t\t\t\t\t\t\t<img fetchpriority=\"high\" decoding=\"async\" width=\"719\" height=\"1024\" src=\"https:\/\/juanfelipecordobaart.com\/wp-content\/uploads\/2023\/02\/Lo-que-no-nos-pudimos-llevar-1-copia-719x1024.jpg\" class=\"attachment-large size-large wp-image-246\" alt=\"\" srcset=\"https:\/\/juanfelipecordobaart.com\/wp-content\/uploads\/2023\/02\/Lo-que-no-nos-pudimos-llevar-1-copia-719x1024.jpg 719w, https:\/\/juanfelipecordobaart.com\/wp-content\/uploads\/2023\/02\/Lo-que-no-nos-pudimos-llevar-1-copia-211x300.jpg 211w, https:\/\/juanfelipecordobaart.com\/wp-content\/uploads\/2023\/02\/Lo-que-no-nos-pudimos-llevar-1-copia-768x1094.jpg 768w, https:\/\/juanfelipecordobaart.com\/wp-content\/uploads\/2023\/02\/Lo-que-no-nos-pudimos-llevar-1-copia-1078x1536.jpg 1078w, https:\/\/juanfelipecordobaart.com\/wp-content\/uploads\/2023\/02\/Lo-que-no-nos-pudimos-llevar-1-copia-1437x2048.jpg 1437w, https:\/\/juanfelipecordobaart.com\/wp-content\/uploads\/2023\/02\/Lo-que-no-nos-pudimos-llevar-1-copia-600x855.jpg 600w, https:\/\/juanfelipecordobaart.com\/wp-content\/uploads\/2023\/02\/Lo-que-no-nos-pudimos-llevar-1-copia-scaled.jpg 1797w\" sizes=\"(max-width: 719px) 100vw, 719px\" \/>\t\t\t\t\t\t\t\t\t\t\t\t\t\t\t<\/div>\n\t\t\t\t<\/div>\n\t\t\t\t\t<\/div>\n\t\t<\/div>\n\t\t\t\t<div class=\"elementor-column elementor-col-50 elementor-top-column elementor-element elementor-element-9e67e3f\" data-id=\"9e67e3f\" data-element_type=\"column\" data-e-type=\"column\">\n\t\t\t<div class=\"elementor-widget-wrap elementor-element-populated\">\n\t\t\t\t\t\t<div class=\"elementor-element elementor-element-ddfc663 elementor-widget elementor-widget-text-editor\" data-id=\"ddfc663\" data-element_type=\"widget\" data-e-type=\"widget\" data-widget_type=\"text-editor.default\">\n\t\t\t\t<div class=\"elementor-widget-container\">\n\t\t\t\t\t\t\t\t\t<p><span lang=\"ES-MX\">Juan Felipe C\u00f3rdoba Arturo<br><\/span><\/p>\n<p><span lang=\"ES-MX\"><b>Lo que no nos pudimos llevar, Energ\u00eda<\/b>&nbsp;<\/span><\/p>\n<p><span style=\"color: var( --e-global-color-text ); letter-spacing: 0px; font-size: 1rem;\"><i>2021<\/i><\/span><\/p>\n<p><span lang=\"ES-MX\">Cat. Gr\u00e1fica<\/span><\/p>\n<p><span lang=\"ES-MX\">Dibujo Scratch en soporte lum\u00ednico<\/span><\/p>\n<p><span style=\"color: var( --e-global-color-text ); font-size: 1rem;\">H:54.5 x W:39.5 Cm \/ H:21.45 x W:15.5 In<\/span><br><\/p>\n<p><\/p>\n<p><span lang=\"ES-MX\">Contemporary style<\/span><\/p>\t\t\t\t\t\t\t\t<\/div>\n\t\t\t\t<\/div>\n\t\t\t\t\t<\/div>\n\t\t<\/div>\n\t\t\t\t\t<\/div>\n\t\t<\/section>\n\t\t\t\t<\/div>\n\t\t","protected":false},"excerpt":{"rendered":"<p>Juan Felipe C\u00f3rdoba Arturo Lo que no nos pudimos llevar, Energ\u00eda&nbsp; 2021 Cat. Gr\u00e1fica Dibujo Scratch en soporte lum\u00ednico H:54.5 x W:39.5 Cm \/ H:21.45 x W:15.5 In Contemporary style<\/p>\n","protected":false},"author":1,"featured_media":0,"parent":0,"menu_order":0,"comment_status":"closed","ping_status":"closed","template":"","meta":{"footnotes":""},"class_list":["post-440","page","type-page","status-publish","hentry"],"_links":{"self":[{"href":"https:\/\/juanfelipecordobaart.com\/index.php\/wp-json\/wp\/v2\/pages\/440","targetHints":{"allow":["GET"]}}],"collection":[{"href":"https:\/\/juanfelipecordobaart.com\/index.php\/wp-json\/wp\/v2\/pages"}],"about":[{"href":"https:\/\/juanfelipecordobaart.com\/index.php\/wp-json\/wp\/v2\/types\/page"}],"author":[{"embeddable":true,"href":"https:\/\/juanfelipecordobaart.com\/index.php\/wp-json\/wp\/v2\/users\/1"}],"replies":[{"embeddable":true,"href":"https:\/\/juanfelipecordobaart.com\/index.php\/wp-json\/wp\/v2\/comments?post=440"}],"version-history":[{"count":13,"href":"https:\/\/juanfelipecordobaart.com\/index.php\/wp-json\/wp\/v2\/pages\/440\/revisions"}],"predecessor-version":[{"id":979,"href":"https:\/\/juanfelipecordobaart.com\/index.php\/wp-json\/wp\/v2\/pages\/440\/revisions\/979"}],"wp:attachment":[{"href":"https:\/\/juanfelipecordobaart.com\/index.php\/wp-json\/wp\/v2\/media?parent=440"}],"curies":[{"name":"wp","href":"https:\/\/api.w.org\/{rel}","templated":true}]}}