{"id":1547,"date":"2026-01-30T05:54:05","date_gmt":"2026-01-30T05:54:05","guid":{"rendered":"https:\/\/juanfelipecordobaart.com\/?page_id=1547"},"modified":"2026-01-30T05:57:35","modified_gmt":"2026-01-30T05:57:35","slug":"elementor-1547","status":"publish","type":"page","link":"https:\/\/juanfelipecordobaart.com\/index.php\/elementor-1547\/","title":{"rendered":""},"content":{"rendered":"\t\t<div data-elementor-type=\"wp-page\" data-elementor-id=\"1547\" class=\"elementor elementor-1547\">\n\t\t\t\t\t\t<section class=\"elementor-section elementor-top-section elementor-element elementor-element-631b38e elementor-section-boxed elementor-section-height-default elementor-section-height-default\" data-id=\"631b38e\" data-element_type=\"section\" data-e-type=\"section\">\n\t\t\t\t\t\t<div class=\"elementor-container elementor-column-gap-default\">\n\t\t\t\t\t<div class=\"elementor-column elementor-col-100 elementor-top-column elementor-element elementor-element-7f59eac\" data-id=\"7f59eac\" data-element_type=\"column\" data-e-type=\"column\">\n\t\t\t<div class=\"elementor-widget-wrap elementor-element-populated\">\n\t\t\t\t\t\t<div class=\"elementor-element elementor-element-7ae2fbf elementor-widget elementor-widget-spacer\" data-id=\"7ae2fbf\" data-element_type=\"widget\" data-e-type=\"widget\" data-widget_type=\"spacer.default\">\n\t\t\t\t<div class=\"elementor-widget-container\">\n\t\t\t\t\t\t\t<div class=\"elementor-spacer\">\n\t\t\t<div class=\"elementor-spacer-inner\"><\/div>\n\t\t<\/div>\n\t\t\t\t\t\t<\/div>\n\t\t\t\t<\/div>\n\t\t\t\t\t<\/div>\n\t\t<\/div>\n\t\t\t\t\t<\/div>\n\t\t<\/section>\n\t\t\t\t<section class=\"elementor-section elementor-top-section elementor-element elementor-element-4a5d05b elementor-section-boxed elementor-section-height-default elementor-section-height-default\" data-id=\"4a5d05b\" data-element_type=\"section\" data-e-type=\"section\">\n\t\t\t\t\t\t<div class=\"elementor-container elementor-column-gap-default\">\n\t\t\t\t\t<div class=\"elementor-column elementor-col-50 elementor-top-column elementor-element elementor-element-3dd8561\" data-id=\"3dd8561\" data-element_type=\"column\" data-e-type=\"column\">\n\t\t\t<div class=\"elementor-widget-wrap elementor-element-populated\">\n\t\t\t\t\t\t<div class=\"elementor-element elementor-element-a2fa807 elementor-widget elementor-widget-image\" data-id=\"a2fa807\" data-element_type=\"widget\" data-e-type=\"widget\" data-widget_type=\"image.default\">\n\t\t\t\t<div class=\"elementor-widget-container\">\n\t\t\t\t\t\t\t\t\t\t\t\t\t\t\t<img fetchpriority=\"high\" decoding=\"async\" width=\"721\" height=\"1024\" src=\"https:\/\/juanfelipecordobaart.com\/wp-content\/uploads\/2026\/01\/ANTROPOZOOMORFICOS-REGISTRO-copia-721x1024.jpg\" class=\"attachment-large size-large wp-image-1508\" alt=\"\" srcset=\"https:\/\/juanfelipecordobaart.com\/wp-content\/uploads\/2026\/01\/ANTROPOZOOMORFICOS-REGISTRO-copia-721x1024.jpg 721w, https:\/\/juanfelipecordobaart.com\/wp-content\/uploads\/2026\/01\/ANTROPOZOOMORFICOS-REGISTRO-copia-211x300.jpg 211w, https:\/\/juanfelipecordobaart.com\/wp-content\/uploads\/2026\/01\/ANTROPOZOOMORFICOS-REGISTRO-copia-768x1090.jpg 768w, https:\/\/juanfelipecordobaart.com\/wp-content\/uploads\/2026\/01\/ANTROPOZOOMORFICOS-REGISTRO-copia-1082x1536.jpg 1082w, https:\/\/juanfelipecordobaart.com\/wp-content\/uploads\/2026\/01\/ANTROPOZOOMORFICOS-REGISTRO-copia-1443x2048.jpg 1443w, https:\/\/juanfelipecordobaart.com\/wp-content\/uploads\/2026\/01\/ANTROPOZOOMORFICOS-REGISTRO-copia-600x852.jpg 600w, https:\/\/juanfelipecordobaart.com\/wp-content\/uploads\/2026\/01\/ANTROPOZOOMORFICOS-REGISTRO-copia-scaled.jpg 1803w\" sizes=\"(max-width: 721px) 100vw, 721px\" \/>\t\t\t\t\t\t\t\t\t\t\t\t\t\t\t<\/div>\n\t\t\t\t<\/div>\n\t\t\t\t\t<\/div>\n\t\t<\/div>\n\t\t\t\t<div class=\"elementor-column elementor-col-50 elementor-top-column elementor-element elementor-element-5ae0f33\" data-id=\"5ae0f33\" data-element_type=\"column\" data-e-type=\"column\">\n\t\t\t<div class=\"elementor-widget-wrap elementor-element-populated\">\n\t\t\t\t\t\t<div class=\"elementor-element elementor-element-c2173bc elementor-widget elementor-widget-text-editor\" data-id=\"c2173bc\" data-element_type=\"widget\" data-e-type=\"widget\" data-widget_type=\"text-editor.default\">\n\t\t\t\t<div class=\"elementor-widget-container\">\n\t\t\t\t\t\t\t\t\t<p><strong><span style=\"font-family: arial, helvetica, sans-serif;\">Juan Felipe C\u00f3rdoba Arturo<\/span><\/strong><br \/><em><span style=\"font-family: arial, helvetica, sans-serif;\">Antropozoom\u00f3rficos, Se dice, 2025<\/span><\/em><br \/><span style=\"font-family: arial, helvetica, sans-serif;\">\u201cPor la boca muere el pez\u201d<\/span><br \/><span style=\"font-family: arial, helvetica, sans-serif;\">Dibujo scratch<\/span><br \/><span style=\"font-family: arial, helvetica, sans-serif;\">Tinta litogr\u00e1fica y acr\u00edlico<\/span><br \/><span style=\"font-family: arial, helvetica, sans-serif;\">60 \u00d7 40 cm<\/span><\/p>\t\t\t\t\t\t\t\t<\/div>\n\t\t\t\t<\/div>\n\t\t\t\t\t<\/div>\n\t\t<\/div>\n\t\t\t\t\t<\/div>\n\t\t<\/section>\n\t\t\t\t<\/div>\n\t\t","protected":false},"excerpt":{"rendered":"<p>Juan Felipe C\u00f3rdoba ArturoAntropozoom\u00f3rficos, Se dice, 2025\u201cPor la boca muere el pez\u201dDibujo scratchTinta litogr\u00e1fica y acr\u00edlico60 \u00d7 40 cm<\/p>\n","protected":false},"author":1,"featured_media":0,"parent":0,"menu_order":0,"comment_status":"closed","ping_status":"closed","template":"","meta":{"footnotes":""},"class_list":["post-1547","page","type-page","status-publish","hentry"],"_links":{"self":[{"href":"https:\/\/juanfelipecordobaart.com\/index.php\/wp-json\/wp\/v2\/pages\/1547","targetHints":{"allow":["GET"]}}],"collection":[{"href":"https:\/\/juanfelipecordobaart.com\/index.php\/wp-json\/wp\/v2\/pages"}],"about":[{"href":"https:\/\/juanfelipecordobaart.com\/index.php\/wp-json\/wp\/v2\/types\/page"}],"author":[{"embeddable":true,"href":"https:\/\/juanfelipecordobaart.com\/index.php\/wp-json\/wp\/v2\/users\/1"}],"replies":[{"embeddable":true,"href":"https:\/\/juanfelipecordobaart.com\/index.php\/wp-json\/wp\/v2\/comments?post=1547"}],"version-history":[{"count":8,"href":"https:\/\/juanfelipecordobaart.com\/index.php\/wp-json\/wp\/v2\/pages\/1547\/revisions"}],"predecessor-version":[{"id":1558,"href":"https:\/\/juanfelipecordobaart.com\/index.php\/wp-json\/wp\/v2\/pages\/1547\/revisions\/1558"}],"wp:attachment":[{"href":"https:\/\/juanfelipecordobaart.com\/index.php\/wp-json\/wp\/v2\/media?parent=1547"}],"curies":[{"name":"wp","href":"https:\/\/api.w.org\/{rel}","templated":true}]}}